ppose -325*g - 4604 = -327*g. What is the thousands digit of g?
2
Let d(b) = -2*b - 13. Let r be d(-4). What is the units digit of r + (-8*(-4)/16 - -1239)?
6
Let v(r) = 8*r + 6. Let y be v(-4). Let i be (y/5)/((-23)/(-115)). What is the tens digit of ((-88)/4)/(4/i)?
4
Let o(d) = d**2 + 11*d + 26. Let n be o(-10). Suppose 11*f - n*f = -25. Suppose -6*i + 26 = -f*i. What is the units digit of i?
6
Let d(c) = 2*c**2 - 16*c - 165. What is the hundreds digit of d(34)?
6
Let h = 10 - 1. Suppose 0 = 13*c - 14*c + h. What is the tens digit of (3*(-174)/c)/(-1)?
5
Let n(z) = 29*z**2 + 6. Let t be n(6). Suppose -t = -3*q - 4*q. Suppose 2*p = -3*i + q, -3*p + p + 3*i = -138. What is the tens digit of p?
7
Suppose 0 = 5*p - 3*x - 70, -10*p - 3*x + 49 = -8*p. Let f(q) = -q**3 + 23*q**2 - 51*q + 28. What is the units digit of f(p)?
5
Let u = -407 - -406. Let o be (3 - -297)*2/4. What is the units digit of o/(-1 + 1 - u)?
0
Suppose 4*a + 6260 = 4*b + 128656, 0 = 2*a - 5*b - 61213. What is the units digit of a?
4
Let r be 8354/(-36)*-3 + 1/(-6). Let b = r + -256. What is the units digit of b?
0
Let d(z) = -z**3 + 4*z**2 - 4*z + 2. Let m be 3*(3*(-4)/36 - -1). Let o be d(m). What is the tens digit of (2 - 5)/(o - 3) - -46?
4
Suppose -4*s - 5*p = 1717, 2*p + 3*p + 851 = -2*s. Let y = -206 - s. What is the units digit of y?
7
What is the units digit of (-19)/((-209)/(-396))*1606/(-8)?
7
Suppose -6417 = -s - n, n + 6427 = 661*s - 660*s. What is the units digit of s?
2
Suppose -7*z + 26 = -8*z. What is the tens digit of (-4)/((-156)/1593) + (-4)/z?
4
Suppose -5*m - 4498 = 4582. Let v = m + 3053. What is the tens digit of v?
3
Let v(q) = -q**2 - 11*q + 13. Let r be v(-12). What is the units digit of (-5)/r - (-39 - 79)?
3
Let n be (-6)/(-4) + (26/(-4) - -2). Let x be 1*(n + (-2 - -1 - -2)). Let i(b) = -15*b**3 - 2*b - 2. What is the hundreds digit of i(x)?
1
Let p = -56 - -55. What is the hundreds digit of 1082/p*(4 + (-81)/18)?
5
Let i be -2*(1 - 3)*1. Suppose -4*u = -4*v - 32, -4*v = i*u - 0*v + 8. Suppose 2*b = 2*m + 426, 2*m - 7 = u. What is the hundreds digit of b?
2
Let q(u) = 143*u**2. Let x be q(1). Suppose -x*n = -144*n - 145. Let k = n + 363. What is the tens digit of k?
1
Let a(t) = t**2 + 32*t - 378. Let z be a(-41). What is the thousands digit of (108/z)/((-9)/1101)?
1
Let w = -893 + 2351. Let i = w + -859. What is the hundreds digit of i?
5
Suppose 2*n = -2*f + 8696, 5*n - 1310*f = -1305*f + 21700. What is the tens digit of n?
4
Suppose 41*b + 56 = 37*b. Let i(l) = -11*l + 63. What is the tens digit of i(b)?
1
Let g be (11 + -10)/((-5)/(-27130)). Suppose 2374 + g = 5*d. What is the tens digit of d?
6
Let o be 0 + 2 + 0 - (-2 + 1). Suppose -3*u + 2*i = -2 - 1, -o*i + 9 = 0. What is the units digit of (-2)/u*(-1 + -140)?
4
Suppose -1 = 4*f + 5*l + 21, 5*l - 10 = 0. Let w be (-9*2)/(f/4). Let v(z) = 10*z - 28. What is the units digit of v(w)?
2
Let y be (-57438)/(-26) + -3 + 8/(-52). Suppose 11 = -2*v - 3*t + y, -t + 5 = 0. What is the hundreds digit of v?
0
Suppose 0 = 4*w - 34*f + 38*f - 1376, -2*w = 3*f - 687. Let i = -313 + w. What is the tens digit of i?
3
Suppose 3*r + 2*r = -4*n + 12093, 2*n = -5*r + 6049. What is the tens digit of n?
2
Let f(z) = 2*z - 25. Let p(v) = 5*v - 76. Let n(l) = 8*f(l) - 3*p(l). Let u be n(0). Suppose 12 = 2*g - 5*r, 10 = -3*g - 4*r + u. What is the units digit of g?
6
Let v(q) = -3*q**2 - 7*q + 17. Let h be v(8). Let w = 63 - h. What is the tens digit of w?
9
Let g(r) = 2*r**3 + 18*r**2 + 26*r - 8. Let f be g(-7). Suppose -3*s + 12 = 3*u, -2*s = -7*u + 2*u - 1. What is the hundreds digit of (-8)/2*(-101)/f*s?
2
Let t be (18/(-8))/(18/(-1104)). Let z = t - 137. What is the tens digit of (13/((-208)/(-72)))/(z/22)?
9
Suppose -3*u - 3*o = -6, o = u + 8 - 2. Let r be (((-225)/(-10))/(-9))/(1/u). Suppose 2*j = -4*t + 132, 5*t - 175 = -r*j - 0*j. What is the tens digit of t?
3
Let j(h) = 22*h**2 + 4*h + 2204. What is the tens digit of j(-47)?
1
Let y(x) be the first derivative of x**4/4 - x**3/3 - 4*x**2 - x + 3. Let j be y(-2). What is the units digit of -3*(-2)/(-6)*(-154 - j)?
7
Let k be (-4)/(-2)*194/(-4). Let b = 200 + k. Let z = b - 46. What is the tens digit of z?
5
Let g(a) = -17916*a - 3522. What is the units digit of g(-4)?
2
Let v = -439 - -110. Let f = -145 - v. What is the tens digit of f?
8
Let d = -5875 - -15821. What is the hundreds digit of d?
9
Suppose z = 15 - 15. Let o be (6/(-9) + (1 - z))*375. Suppose 3*n - o = -23. What is the units digit of n?
4
Let q be (2 - 1/3)/(21/63). Suppose -q*a - 4*p + 1042 = 0, 4*a + 0*p + 5*p = 839. What is the tens digit of a?
0
Suppose -2*j = -m - 50, -4*m + j = 3*j + 210. Let s = -50 - m. Suppose 0 = -s*u + y + 4*y + 227, -3*y = 3. What is the units digit of u?
1
Let b be (-775)/21 + 28/(-294). Let c = 95 + b. Suppose 3*z - c - 75 = d, 0 = -2*z - 4*d + 112. What is the units digit of z?
6
Let j(r) = -2*r + 51. Let q be j(23). Suppose q*n = s + 6*n - 40, -n - 224 = -5*s. What is the tens digit of 1/((-1)/(-2)) + s?
4
Let a be (-1)/4 + 2/8. Let v(s) = 2*s**2 - 43*s + 175. Let q(z) = -3*z**2 + 60*z - 262. Let p(b) = -5*q(b) - 7*v(b). What is the tens digit of p(a)?
8
Let w be 322/126 - 12/(-27). Suppose -930 = -u + w*x, 3*u - x - 2766 = 2*x. What is the hundreds digit of u?
9
Let m = -316 + 190. What is the units digit of 6/(-1) + 1 + 647 + m?
6
Suppose -3*v = 3*v + 26730. What is the hundreds digit of ((-4)/5)/(8 + 35658/v)?
1
Let p be (-10 - 0)/(0 - (-1)/(-16)). Suppose -69 = -4*m + 4*o + 71, 5*m = 2*o + p. What is the units digit of m?
0
Suppose -3*c + 158 + 751 = 2*w, 2230 = 5*w - c. Let q = w - -51. What is the units digit of q?
8
Suppose 0 = -5*z + 3*g - 1270, 2*z - z = 5*g - 276. Let m be 3*1*6/((-18)/z). Suppose 4*v + 2*t - m = 205, -v + 116 = t. What is the hundreds digit of v?
1
Let r(b) = -b - 11. Let h(z) = z - 1. Let t(o) = 10*h(o) - 2*r(o). Let g be t(-2). What is the tens digit of 8/g - 928/(-6)?
5
Suppose 3*v = -v - 204. Let p = v + 39. What is the units digit of p/(-32) - 2644/(-32)?
3
Suppose -24*h = -21*h - 4*f - 7, 0 = -2*h + f - 2. Suppose 4*k + 2*v + 4 = 6*v, -5*v - 19 = -k. What is the units digit of h + 2140/25 - k/(-10)?
2
Suppose -3*t = 386*j - 388*j - 8844, 3*t = -j + 8853. What is the thousands digit of t?
2
Let v(z) = 15*z + 45. Let r(b) = b**3 + 7*b**2 - 11*b - 11. Let i(a) = -6*a - 26. Let y be i(-3). Let l be r(y). What is the hundreds digit of v(l)?
2
Suppose 0 = 12*x - 25084 - 27080. Suppose x = 325*c - 316*c. What is the units digit of c?
3
Suppose 453*m = 1885488 - 169524. What is the thousands digit of m?
3
Let t(o) = -6*o + 6. Let u(q) be the third derivative of -q**4/12 - q**3/6 + 2*q**2. Let b(s) = -t(s) - 6*u(s). What is the tens digit of b(4)?
7
Let i(h) = h**2 + 7*h - 11. Let p be i(-9). Suppose -19 = p*b - 54. Suppose 2*o - 306 = b*m, -18 - 302 = -2*o - 2*m. What is the units digit of o?
8
Suppose 3*h = 8*h - 10. Suppose -3*c + 2*c - 3*t = -509, -c - h*t = -514. Suppose -5*n - a + c = 0, -3*n + 6*a + 319 = 2*a. What is the tens digit of n?
0
What is the tens digit of (2275/(-7) - 6)/(-4*(-8)/(-288))?
7
Let n(z) = z**3 + 17*z**2 - 16*z - 10. Let t be n(-18). Let r(o) = o**2 - o + 12. Let m be r(9). Let k = m + t. What is the units digit of k?
8
Let y be 2532/(-42) - (-3)/(42/4). Let j be y/(-4 - (-15)/6). Let m = j + 0. What is the units digit of m?
0
Suppose 18*t + 11*r = 12*r + 403602, 5*t - 112080 = -5*r. What is the ten thousands digit of t?
2
Suppose -2*q - 2*o = 1206 - 264, -5*q = o + 2351. Let m be (-9 + 7 - (0 - 3))*-285. Let l = m - q. What is the hundreds digit of l?
1
Let w(l) = -l**3 + 24*l**2 - 58*l + 13. Let x be w(23). Let u = x + 2328. What is the tens digit of u?
3
Let n = 54 - 26. Let r be (-4)/n + (-16)/(-14). What is the tens digit of ((-15)/(-6) + -2)*258*r?
2
Let k(l) = 2608*l**2 - 63*l - 242. What is the thousands digit of k(-4)?
1
Suppose 7*g - 3*g = 8. Suppose d = -3*d, -5*m + g*d + 1720 = 0. What is the tens digit of m?
4
Suppose p + 28*p = 120031. What is the thousands digit of p?
4
Let l = -21894 - -30757. What is the tens digit of l?
6
Let c be (-162)/12 - (-3)/(-2). Let n be ((-40)/c)/8*(-3)/(-1). What is the hundreds digit of n/((-5)/(-785)) + -4?
1
Let c(k) = 294*k**2 - 14*k - 44. What is the un